Calculate the highest common divisor of 10525171 and 46202.
1777
Calculate the greatest common factor of 4150 and 342812410.
830
What is the highest common factor of 13280 and 6020156?
332
What is the greatest common divisor of 23336886 and 85?
17
Calculate the highest common divisor of 2251353 and 312.
39
Calculate the greatest common factor of 78192702 and 63.
63
What is the greatest common divisor of 8127 and 136404?
27
Calculate the greatest common divisor of 180 and 23703660.
180
Calculate the highest common factor of 967220771 and 33.
11
What is the highest common divisor of 218658 and 6522?
6
Calculate the greatest common divisor of 2144 and 800248.
536
Calculate the greatest common divisor of 7735595 and 1360.
85
Calculate the highest common divisor of 102110 and 63410.
10
What is the greatest common factor of 33 and 21670484?
11
What is the greatest common factor of 2112 and 13665936?
48
Calculate the highest common divisor of 1540548 and 396.
36
What is the highest common divisor of 975904 and 12?
4
Calculate the greatest common factor of 66003922 and 796.
398
What is the highest common factor of 20139 and 564303?
411
What is the greatest common factor of 777313052 and 146?
146
Calculate the greatest common factor of 7847930 and 2580.
430
What is the greatest common divisor of 15125 and 117275?
25
What is the highest common factor of 206 and 304425770?
206
What is the greatest common divisor of 8331 and 55837139?
2777
Calculate the highest common divisor of 75239394 and 552.
138
Calculate the highest common factor of 224681 and 9220042.
2707
What is the highest common factor of 5425 and 469246225?
5425
Calculate the highest common factor of 546 and 1691040.
78
What is the highest common divisor of 2216 and 11502072?
8
Calculate the greatest common factor of 4696648 and 418.
418
What is the highest common factor of 242506 and 65310520?
3322
Calculate the greatest common factor of 7984 and 108816.
16
What is the greatest common factor of 4596 and 1229409318?
2298
Calculate the highest common factor of 24 and 17868966.
6
Calculate the highest common divisor of 20217 and 277449.
69
What is the highest common divisor of 31543677 and 66?
33
What is the greatest common divisor of 3032010 and 3240?
90
Calculate the highest common factor of 81 and 6593049.
27
What is the greatest common divisor of 7124272 and 66928?
1424
Calculate the greatest common factor of 4595209 and 2027.
2027
Calculate the greatest common factor of 433588 and 14884.
244
Calculate the highest common divisor of 2141 and 322560919.
2141
What is the highest common factor of 5871989 and 789911?
9517
What is the greatest common divisor of 4075480 and 1000?
40
What is the highest common divisor of 1382571 and 26806?
1031
What is the greatest common divisor of 5713239 and 175?
7
What is the greatest common factor of 234107 and 191760?
799
What is the greatest common divisor of 1521 and 2909049?
39
Calculate the highest common factor of 133 and 252000344.
19
Calculate the greatest common factor of 8495472 and 10.
2
Calculate the greatest common divisor of 870 and 4437290.
290
Calculate the greatest common factor of 11887955 and 20.
5
What is the greatest common divisor of 1488 and 26918292?
372
Calculate the greatest common divisor of 38701 and 4225.
169
What is the highest common factor of 3108450 and 83950?
1150
What is the greatest common divisor of 2574 and 4905472?
286
Calculate the greatest common divisor of 340 and 397228460.
340
What is the greatest common factor of 17259755 and 365?
365
What is the highest common factor of 36450320 and 180515?
2285
What is the highest common factor of 34580 and 392255?
95
Calculate the highest common divisor of 1371 and 94095843.
1371
What is the highest common divisor of 465 and 20526123?
93
Calculate the greatest common factor of 195464 and 234154.
106
What is the greatest common factor of 8268 and 7951749?
2067
Calculate the highest common factor of 4430 and 122292808.
886
Calculate the highest common divisor of 9879285 and 75.
15
Calculate the greatest common divisor of 4858573 and 1711.
29
Calculate the highest common factor of 1095149 and 638.
11
What is the greatest common factor of 28 and 164855908?
28
Calculate the greatest common factor of 1183 and 6619249.
91
Calculate the greatest common factor of 191 and 146078.
1
What is the highest common factor of 11576 and 437512?
8
What is the greatest common divisor of 53167652 and 1476?
164
What is the greatest common factor of 92109592 and 28252?
4036
What is the greatest common factor of 750 and 8362890?
30
What is the highest common factor of 42132 and 132129463?
3511
Calculate the greatest common factor of 8459 and 1617207.
769
What is the highest common divisor of 16570412 and 95356?
3076
Calculate the greatest common factor of 4264 and 110552.
104
What is the highest common factor of 9654 and 5442?
6
Calculate the highest common factor of 132053926 and 51.
17
What is the highest common divisor of 272615 and 36155?
35
What is the highest common divisor of 9238728 and 372?
12
What is the greatest common divisor of 240 and 282047600?
80
What is the greatest common divisor of 175650602 and 2586?
862
What is the greatest common factor of 5343 and 1560841?
137
Calculate the highest common factor of 111620465 and 55.
55
What is the highest common divisor of 984721413 and 663?
663
What is the highest common divisor of 1080 and 1143960?
120
What is the greatest common divisor of 902518136 and 13?
13
What is the highest common divisor of 699 and 6349949?
233
What is the greatest common factor of 18080 and 186337?
113
Calculate the highest common factor of 16192746 and 126.
18
Calculate the highest common factor of 35134 and 1499583.
1597
What is the highest common divisor of 15369 and 429787?
109
Calculate the greatest common factor of 79123 and 40403.
11
What is the greatest common factor of 1009918 and 789880?
5642
What is the highest common divisor of 2924427533 and 2087?
2087
What is the greatest common divisor of 26041017 and 5276?
1319
What is the greatest common factor of 70 and 715610?
70
What is the highest common divisor of 13306 and 444001261?
6653
What is the highest common divisor of 529 and 584729?
23
Calculate the highest common divisor of 221147878 and 7448.
1862
Calculate the highest common divisor of 31977088 and 128.
128
Calculate the highest common factor of 470846 and 47.
47
Calculate the highest common factor of 2231768 and 472.
8
Calculate the highest common divisor of 112071 and 279.
3
What is the highest common factor of 72207 and 144527?
113
What is the highest common divisor of 35 and 199584014?
7
What is the greatest common divisor of 160057286 and 4874?
4874
Calculate the highest common factor of 317577 and 42627.
39
What is the greatest common divisor of 2058904 and 55046?
34
Calculate the highest common factor of 27979122 and 1182.
1182
What is the greatest common factor of 1045 and 1887061?
209
Calculate the highest common divisor of 1306 and 209522.
2
Calculate the greatest common factor of 14 and 66013934.
14
Calculate the greatest common factor of 14357412 and 20.
4
Calculate the greatest common factor of 649868 and 30340.
148
What is the greatest common divisor of 101 and 78314895?
101
What is the highest common factor of 159040 and 1206432?
2272
What is the greatest common divisor of 1185354 and 6238962?
4878
Calculate the greatest common factor of 209 and 304760533.
11
Calculate the greatest common factor of 1278240 and 13056.
96
Calculate the greatest common divisor of 230 and 1238895.
115
What is the highest common factor of 1004881 and 7885?
83
What is the highest common factor of 4256114 and 798?
38
What is the highest common factor of 1928806091 and 41?
41
What is the highest common divisor of 83 and 816896209?
83
What is the greatest common divisor of 5451328 and 912?
304
Calculate the greatest common divisor of 792 and 4205652.
132
What is the highest common factor of 130478053 and 898?
449
What is the greatest common divisor of 226016 and 2016?
224
Calculate the greatest common divisor of 4214349 and 7749.
1107
What is the highest common factor of 320208 and 2751?
21
What is the greatest common divisor of 444 and 112577532?
444
What is 